y 75.
21
Calculate the remainder when 108 is divided by 28.
24
What is the remainder when 39 is divided by 20?
19
Calculate the remainder when 50 is divided by 29.
21
What is the remainder when 260 is divided by 165?
95
What is the remainder when 244 is divided by 2?
0
Calculate the remainder when 31 is divided by 10.
1
What is the remainder when 251 is divided by 23?
21
Calculate the remainder when 1052 is divided by 255.
32
What is the remainder when 4889 is divided by 12?
5
Calculate the remainder when 149 is divided by 69.
11
Calculate the remainder when 582 is divided by 3.
0
Calculate the remainder when 12197 is divided by 305.
302
Calculate the remainder when 43 is divided by 20.
3
What is the remainder when 4649 is divided by 1161?
5
What is the remainder when 26 is divided by 4?
2
Calculate the remainder when 300 is divided by 78.
66
Calculate the remainder when 535 is divided by 230.
75
Calculate the remainder when 206 is divided by 26.
24
Calculate the remainder when 30 is divided by 7.
2
What is the remainder when 285 is divided by 17?
13
What is the remainder when 437 is divided by 143?
8
What is the remainder when 574 is divided by 98?
84
What is the remainder when 22 is divided by 8?
6
Calculate the remainder when 250 is divided by 9.
7
What is the remainder when 963 is divided by 187?
28
Calculate the remainder when 1587 is divided by 15.
12
Calculate the remainder when 4017 is divided by 20.
17
Calculate the remainder when 1677 is divided by 15.
12
What is the remainder when 1831 is divided by 36?
31
What is the remainder when 670 is divided by 42?
40
What is the remainder when 645 is divided by 17?
16
Calculate the remainder when 789 is divided by 66.
63
What is the remainder when 64 is divided by 60?
4
What is the remainder when 926 is divided by 228?
14
What is the remainder when 2609 is divided by 30?
29
Calculate the remainder when 569 is divided by 121.
85
What is the remainder when 52 is divided by 11?
8
Calculate the remainder when 249 is divided by 44.
29
Calculate the remainder when 455 is divided by 224.
7
Calculate the remainder when 13047 is divided by 58.
55
What is the remainder when 724 is divided by 103?
3
What is the remainder when 790 is divided by 36?
34
What is the remainder when 107 is divided by 30?
17
What is the remainder when 122 is divided by 38?
8
Calculate the remainder when 390 is divided by 206.
184
Calculate the remainder when 389 is divided by 99.
92
What is the remainder when 444 is divided by 76?
64
Calculate the remainder when 172 is divided by 54.
10
What is the remainder when 1035 is divided by 515?
5
Calculate the remainder when 7015 is divided by 226.
9
What is the remainder when 853 is divided by 61?
60
Calculate the remainder when 645 is divided by 364.
281
What is the remainder when 718 is divided by 80?
78
Calculate the remainder when 1371 is divided by 125.
121
Calculate the remainder when 405 is divided by 24.
21
What is the remainder when 451 is divided by 151?
149
What is the remainder when 701 is divided by 32?
29
Calculate the remainder when 1336 is divided by 61.
55
What is the remainder when 2211 is divided by 28?
27
Calculate the remainder when 72 is divided by 28.
16
Calculate the remainder when 532 is divided by 71.
35
What is the remainder when 2977 is divided by 42?
37
Calculate the remainder when 1036 is divided by 17.
16
Calculate the remainder when 922 is divided by 22.
20
What is the remainder when 2662 is divided by 1331?
0
What is the remainder when 1782 is divided by 36?
18
Calculate the remainder when 38 is divided by 2.
0
Calculate the remainder when 564 is divided by 63.
60
Calculate the remainder when 120 is divided by 53.
14
What is the remainder when 51 is divided by 31?
20
Calculate the remainder when 28979 is divided by 138.
137
What is the remainder when 65 is divided by 17?
14
What is the remainder when 3451 is divided by 32?
27
What is the remainder when 1966 is divided by 648?
22
What is the remainder when 274 is divided by 54?
4
Calculate the remainder when 1447 is divided by 142.
27
Calculate the remainder when 25023 is divided by 64.
63
Calculate the remainder when 40878 is divided by 365.
363
Calculate the remainder when 1577 is divided by 10.
7
What is the remainder when 3 is divided by 3?
0
What is the remainder when 11087 is divided by 231?
230
Calculate the remainder when 163 is divided by 84.
79
What is the remainder when 1541 is divided by 141?
131
What is the remainder when 2982 is divided by 199?
196
Calculate the remainder when 1090 is divided by 42.
40
Calculate the remainder when 37055 is divided by 193.
192
What is the remainder when 4104 is divided by 32?
8
Calculate the remainder when 279 is divided by 159.
120
What is the remainder when 3413 is divided by 67?
63
Calculate the remainder when 217 is divided by 75.
67
Calculate the remainder when 372 is divided by 39.
21
What is the remainder when 254 is divided by 59?
18
Calculate the remainder when 2804 is divided by 22.
10
Calculate the remainder when 529 is divided by 70.
39
What is the remainder when 48 is divided by 16?
0
Calculate the remainder when 1008 is divided by 11.
7
What is the remainder when 432 is divided by 62?
60
Calculate the remainder when 401 is divided by 103.
92
Calculate the remainder when 87 is divided by 26.
9
What is the remainder when 2282 is divided by 2250?
32
What is the remainder when 603 is divided by 19?
14
What is the remainder when 613 is divided by 123?
121
Calculate the remainder when 534 is divided by 134.
132
What is the remainder when 38 is divided by 32?
6
What is the remainder when 8 is divided by 4?
0
Calculate the remainder when 147 is divided by 78.
69
Calculate the remainder when 3192 is divided by 1057.
21
What is the remainder when 2389 is divided by 42?
37
What is the remainder when 5103 is divided by 37?
34
What is the remainder when 13839 is divided by 4612?
3
Calculate the remainder when 1124 is divided by 94.
90
What is the remainder when 972 is divided by 75?
72
Calculate the remainder when 179 is divided by 51.
26
Calculate the remainder when 430 is divided by 335.
95
What is the remainder when 2166 is divided by 95?
76
Calculate the remainder when 1312 is divided by 53.
40
Calculate the remainder when 1379 is divided by 348.
335
What is the remainder when 1878 is divided by 28?
2
Calculate the remainder when 309 is divided by 48.
21
What is the remainder when 60 is divided by 18?
6
What is the remainder when 169 is divided by 10?
9
What is the remainder when 1037 is divided by 40?
37
Calculate the remainder when 308 is divided by 39.
35
Calculate the remainder when 202 is divided by 125.
77
Calculate the remainder when 233 is divided by 59.
56
What is the remainder when 2033 is divided by 54?
35
What is the remainder when 87 is divided by 10?
7
What is the remainder when 43 is divided by 30?
13
What is the remainder when 302 is divided by 101?
100
What is the remainder when 121 is divided by 8?
1
Calculate the remainder when 66 is divided by 17.
15
Calculate the remainder when 224 is divided by 82.
60
What is the remainder when 125 is divided by 42?
41
What is the remainder when 286 is divided by 36?
34
What is the remainder when 569 is divided by 11?
8
What is the remainder when 679 is divided by 211?
46
Calculate the remainder when 1046 is divided by 33.
23
What is the remainder when 254 is divided by 138?
116
Calculate the remainder when 144 is divided by 37.
33
What is the remainder when 71 is divided by 19?
14
Calculate the remainder when 88 is divided by 37.
14
Calculate the remainder when 53 is divided by 20.
13
What is the remainder when 27556 is divided by 127?
124
Calculate the remainder when 2946 is divided by 209.
20
What is the remainder when 454 is divided by 65?
64
Calculate the remainder when 243 is divided by 24.
3
What is the remainder when 190 is divided by 64?
62
Calculate the remainder when 206 is divided by 36.
26
Calculate the remainder when 964 is divided by 121.
117
Calculate the remainder when 9771 is divided by 29.
27
What is the remainder when 210 is divided by 86?
38
What is the remainder when 486 is divided by 151?
33
Calculate the remainder when 1400 is divided by 202.
188
Calculate the remaind